{"id":24,"date":"2025-09-07T00:21:56","date_gmt":"2025-09-06T22:21:56","guid":{"rendered":"https:\/\/bossebande.de\/?page_id=24"},"modified":"2025-10-07T16:56:17","modified_gmt":"2025-10-07T14:56:17","slug":"impressum","status":"publish","type":"page","link":"https:\/\/bossebande.de\/?page_id=24","title":{"rendered":"Impressum"},"content":{"rendered":"\n<p><strong>Kinderhort Bossebande e.V.<\/strong><br>Rotdornweg 31<br>34125 Kassel<\/p>\n\n\n\n<p><strong>Kontakt:<\/strong><br>Telefon: 0561 &#8211; 81 60 422<br>E-Mail: info@bossebande.de<\/p>\n\n\n\n<p><strong>Vertreten durch:&nbsp;<\/strong><br>Felix Pag (Vorstandsvorsitzender)<\/p>\n\n\n\n<p><strong>Registereintrag:<\/strong><br>Registergericht: Amtsgericht&nbsp;Kassel<br>Registernummer: 85 VR 2739<\/p>\n\n\n\n<p><strong>V.i.S.d \u00a7 18 Abs. 2 MStV<\/strong><br>Kinderort Bosebande e.V.<br>Rotdornweg 31<br>34125 Kassel<\/p>\n\n\n\n<p><\/p>\n\n\n\n<p><strong>Allgemeine Nutzungsbedingungen f\u00fcr \u201ebossebande.de\u201c<\/strong><\/p>\n\n\n\n<p>1. Informationen zum Urheberrecht<\/p>\n\n\n\n<p>Alle Informationen dieser Web-Seite werden wie angegeben ohne Anspruch auf Richtigkeit, Vollst\u00e4ndigkeit oder Aktualit\u00e4t zur Verf\u00fcgung gestellt.<\/p>\n\n\n\n<p>Wenn nicht ausdr\u00fccklich anderweitig in dieser Publikation zu verstehen gegeben, und zwar in Zusammenhang mit einem bestimmten Ausschnitt, einer Datei, oder einem Dokument, ist jedermann dazu berechtigt, dieses Dokument anzusehen, zu kopieren, zu drucken und zu verteilen, unter den folgenden Bedingungen:<\/p>\n\n\n\n<p>Das Dokument darf nur f\u00fcr nichtkommerzielle Informationszwecke genutzt werden. Jede Kopie dieses Dokuments oder eines Teils davon muss diese urheberrechtliche Erkl\u00e4rung und das urheberrechtliche Schutzzeichen des Betreibers enthalten. Das Dokument, jede Kopie des Dokuments oder eines Teils davon d\u00fcrfen nicht ohne schriftliche Zustimmung des Betreibers ver\u00e4ndert werden. Der Betreiber beh\u00e4lt sich das Recht vor, diese Genehmigung jederzeit zu widerrufen, und jede Nutzung muss sofort eingestellt werden, sobald eine schriftliche Bekanntmachung seitens des Betreibers ver\u00f6ffentlicht wird.<\/p>\n\n\n\n<p>2. Vertragliche Zusicherungen und Verzichterkl\u00e4rungen<\/p>\n\n\n\n<p>Die Website bossebande.de steht Ihnen &#8211; soweit nicht anders vereinbart &#8211; kostenlos zur Verf\u00fcgung. Die Betreiber \u00fcbernehmen keinerlei Gew\u00e4hr f\u00fcr Richtigkeit der enthaltenen Informationen, Verf\u00fcgbarkeit der Dienste, Verlust von auf bossebande.de abgespeicherten Daten oder Nutzbarkeit f\u00fcr irgendeinen bestimmten Zweck.<\/p>\n\n\n\n<p>Die Betreiber haften auch nicht f\u00fcr Folgesch\u00e4den, die auf einer Nutzung des Angebotes beruhen.<\/p>\n\n\n\n<p>Soweit ein Haftungsausschluss nicht in Betracht kommt, haften die Betreiber lediglich f\u00fcr grobe Fahrl\u00e4ssigkeit und Vorsatz. Produkt- und Firmennamen sind Marken der jeweiligen Eigent\u00fcmer und werden auf diesen Seiten ausschlie\u00dflich zu Informationszwecken eingesetzt.<\/p>\n\n\n\n<p>Diese Publikation k\u00f6nnte technische oder andere Ungenauigkeiten enthalten oder Schreib- oder Tippfehler. Von Zeit zu Zeit werden der vorliegenden Information \u00e4nderungen hinzugef\u00fcgt; diese \u00e4nderungen werden in neuen Ausgaben der Publikation eingef\u00fcgt. Der Betreiber kann jederzeit Verbesserungen und\/oder Ver\u00e4nderungen an den Angeboten vornehmen, die in dieser Publikation beschrieben werden.<\/p>\n\n\n\n<p>3. Erkl\u00e4rung zum Datenschutz (Privacy Policy)<\/p>\n\n\n\n<p>Sofern innerhalb des Internetangebotes die M\u00f6glichkeit zur Eingabe pers\u00f6nlicher oder gesch\u00e4ftlicher Daten genutzt wird, so erfolgt die Preisgabe dieser Daten seitens des Nutzers auf ausdr\u00fccklich freiwilliger Basis. Die Inanspruchnahme unseres Dienstes ist &#8211; soweit technisch m\u00f6glich und zumutbar &#8211; auch ohne Angabe solcher Daten bzw. unter Angabe anonymisierter Daten oder eines Pseudonyms gestattet. Weitere wichtige Informationen zum Thema Datenschutz finden sich in unserer Erkl\u00e4rung zum Datenschutz (Privacy Policy).<\/p>\n\n\n\n<p>4. Registrierung und Passwort<\/p>\n\n\n\n<p>Der Benutzer ist verpflichtet, die Kombination Benutzername\/Passwort vertraulich zu behandeln und nicht an Dritte weiterzugeben. Bei Verdacht auf Missbrauch der Zugangsdaten ist der Betreiber zu informieren.<\/p>\n\n\n\n<p>5 .Rechtswirksamkeit<\/p>\n\n\n\n<p>Diese Allgemeinen Nutzungsbedingungen beziehen sich auf bossebande.de.<\/p>\n\n\n\n<p>Sofern Teile oder einzelne Formulierungen dieses Textes der geltenden Rechtslage nicht, nicht mehr oder nicht vollst\u00e4ndig entsprechen sollten, bleiben die \u00fcbrigen Teile des Dokumentes in ihrem Inhalt und ihrer G\u00fcltigkeit davon unber\u00fchrt.<\/p>\n\n\n\n<p><strong>Bildquellen:<\/strong><br>Kinderort Bosebande e.V.<\/p>\n","protected":false},"excerpt":{"rendered":"<p>Kinderhort Bossebande e.V.Rotdornweg 3134125 Kassel Kontakt:Telefon: 0561 &#8211; 81 60 422E-Mail: info@bossebande.de Vertreten durch:&nbsp;Felix Pag (Vorstandsvorsitzender) Registereintrag:Registergericht: Amtsgericht&nbsp;KasselRegisternummer: 85 VR 2739 V.i.S.d \u00a7 18 Abs. 2 MStVKinderort Bosebande e.V.Rotdornweg 3134125 Kassel Allgemeine Nutzungsbedingungen f\u00fcr \u201ebossebande.de\u201c 1. Informationen zum Urheberrecht Alle Informationen dieser Web-Seite werden wie angegeben ohne Anspruch auf Richtigkeit, Vollst\u00e4ndigkeit oder Aktualit\u00e4t zur Verf\u00fcgung &hellip; <a href=\"https:\/\/bossebande.de\/?page_id=24\" class=\"more-link\"><span class=\"screen-reader-text\">Impressum<\/span> weiterlesen<\/a><\/p>\n","protected":false},"author":1,"featured_media":0,"parent":0,"menu_order":0,"comment_status":"closed","ping_status":"closed","template":"","meta":{"footnotes":""},"class_list":["post-24","page","type-page","status-publish","hentry"],"_links":{"self":[{"href":"https:\/\/bossebande.de\/index.php?rest_route=\/wp\/v2\/pages\/24","targetHints":{"allow":["GET"]}}],"collection":[{"href":"https:\/\/bossebande.de\/index.php?rest_route=\/wp\/v2\/pages"}],"about":[{"href":"https:\/\/bossebande.de\/index.php?rest_route=\/wp\/v2\/types\/page"}],"author":[{"embeddable":true,"href":"https:\/\/bossebande.de\/index.php?rest_route=\/wp\/v2\/users\/1"}],"replies":[{"embeddable":true,"href":"https:\/\/bossebande.de\/index.php?rest_route=%2Fwp%2Fv2%2Fcomments&post=24"}],"version-history":[{"count":5,"href":"https:\/\/bossebande.de\/index.php?rest_route=\/wp\/v2\/pages\/24\/revisions"}],"predecessor-version":[{"id":60,"href":"https:\/\/bossebande.de\/index.php?rest_route=\/wp\/v2\/pages\/24\/revisions\/60"}],"wp:attachment":[{"href":"https:\/\/bossebande.de\/index.php?rest_route=%2Fwp%2Fv2%2Fmedia&parent=24"}],"curies":[{"name":"wp","href":"https:\/\/api.w.org\/{rel}","templated":true}]}}